ue of (-4 - -3) + (2 - 3) + 7?
5
Calculate -3 + (4 + -4 - 1).
-4
Calculate -8 - -17 - 11 - (-1 + 4).
-5
Calculate 4 + -2 - (26 + -17).
-7
What is the value of (4 - 4) + (-6 - -6)?
0
What is the value of -2 - -1 - (53 + -59)?
5
Calculate -7 - (-13 - (-9 + 1)).
-2
What is the value of 1 + (0 - (-8 + 3))?
6
What is the value of (2 - ((-5 - -2) + 3)) + -2?
0
-3 + (0 - (-2 + 0))
-1
Calculate -1 + (0 - 1 - (-7 + 6)).
-1
-5 + 0 - (-7 + -8 + 10)
0
Calculate -1 + (2 - -1) - 6.
-4
What is the value of (-10 - (5 + -8)) + 11?
4
Calculate (2 + -5 - -6) + -7 + 3.
-1
Calculate 0 + -4 + (0 + -3 - -8).
1
What is 3 + -1 + 0 + 1 + -2?
1
What is -3 + (3 + (-5 - -3) - -5)?
3
Calculate 0 - -1 - (1 - (0 + -4)).
-4
-1 + 0 + 0 - 1 - 0
-2
19 - (-1 - -4 - -6)
10
What is the value of 1 + 1 + -7 + 0?
-5
What is the value of -9 - 5 - (1 + -9)?
-6
Calculate 5 + (3 + -1 - (-2 - -4)).
5
Evaluate 0 - (-1 + (-7 - -5) + 10).
-7
Evaluate (3 - (-2 - (3 + -5))) + 1.
4
What is the value of -3 - (-7 - (-6 - -2))?
0
What is the value of (7 - (-2 - -3 - -5)) + -1?
0
Evaluate 2 + -15 - (-27 + 22).
-8
Evaluate 1 - (1 + 0) - (2 - -3).
-5
Evaluate -1 + (1 - 1) + (6 - 4).
1
Evaluate -2 - 2 - ((-1 - 1) + 1).
-3
6 + (25 + -34 - (-4 + 0))
1
Evaluate (6 - (-3 - -12)) + -1.
-4
What is (4 + -4 - (2 - 0)) + -1?
-3
What is (2 - -13 - 7) + -4?
4
What is the value of 6 + -6 + (2 - 1)?
1
Evaluate -9 - (-8 + 10 + -8).
-3
Evaluate 2 + (-6 - -4) - 3.
-3
What is -5 + -8 + 15 + 13 - 7?
8
Calculate 6 + 7 + -22 + 16.
7
Evaluate -1 + 3 + 3 + -1.
4
-1 - (0 + -2 - (12 - 10))
3
Evaluate -7 - (1 - 3 - (5 - 3)).
-3
Evaluate 8 - 8 - (-1 + 3).
-2
Calculate -13 - -2 - (-13 + -3).
5
Calculate 1 - (24 + -23 + 9 + 1).
-10
Calculate 1 + 1 - (10 + -4 + -5).
1
What is the value of -3 + (1 + 2 + -2 - 1)?
-3
Calculate (5 - 2) + -9 + (11 - 4).
1
What is the value of 0 - 2 - 2 - (6 + -15)?
5
Evaluate 0 - (-1 + (-4 - -7) - -1).
-3
What is (0 - 0) + (0 - (-4 + 2))?
2
Calculate 2 + (-10 - -12 - (2 - 3)).
5
What is the value of 5 - (-1 - -19 - (12 - 10))?
-11
What is 0 + (-10 + (5 - 2) - -3)?
-4
Evaluate (12 - 15) + 9 - (12 - 0).
-6
(0 - 5 - 3) + 1
-7
Evaluate 3 - 3 - -7 - 3.
4
What is the value of (2 - 0) + 4 + -1 + -4?
1
What is 4 + -4 + -2 + 0?
-2
Evaluate 13 + 4 + -11 + 3.
9
Calculate -6 + (2 - -4) + 5 + 2.
7
Calculate -1 - (-6 - -3) - 8.
-6
Evaluate (2 + 5 - 6) + -6.
-5
What is -3 - (0 - (2 - (-2 - -6)))?
-5
13 - 3 - (1 - -7)
2
1 + (11 - 7) + -1
4
What is (-2 - -3) + (-5 - 1) + 2?
-3
Evaluate -3 + 5 + -5 - 1.
-4
Calculate 4 + 3 - (-6 + 15).
-2
What is 2 + 1 + -1 + -4 + -1?
-3
What is the value of 7 + 6 + -16 + 7?
4
Evaluate -11 + 0 + 0 + 13.
2
What is 5 - (1 + (5 - 2) + -8)?
9
Calculate -1 + (2 - 0) - (5 - 10).
6
What is -1 + -4 - -5 - -4?
4
What is (-11 - (1 - 7)) + 6?
1
Evaluate 3 - (5 + (-4 - (-5 + 2))).
-1
What is the value of 6 + (8 - 6) + -13?
-5
Evaluate 12 + -8 + -2 - (-5 + 1).
6
What is the value of -4 - (-5 + (-4 + 4 - -6))?
-5
What is (3 - 5) + 3 + -5?
-4
(-3 + 2 - 10) + 5
-6
Calculate 2 - (3 - (-6 - -6)).
-1
What is the value of -8 - (-5 - (-3 - -6))?
0
-2 + -2 + 5 + -3
-2
Evaluate 7 + -2 - (-2 + 11).
-4
13 - 8 - (1 - -3) - -7
8
What is the value of (-5 + 3 - -4) + -5 + 6?
3
Calculate (3 - 7 - (-9 - -2)) + 1.
4
Calculate -6 + (3 - (0 + -4 - -5)).
-4
Evaluate (7 - 15 - -5 - -17) + -8.
6
Calculate -2 + -2 + 2 + 3 + -4.
-3
What is 1 + -4 + 11 - (-5 + 12)?
1
Calculate -3 + 3 + (-3 + -5 - -3).
-5
What is the value of -1 + 0 + -2 - (-15 - -10)?
2
Evaluate -4 - (-3 + (4 - 6)) - 0.
1
13 + -12 + 5 - (6 + 1)
-1
Evaluate -8 + (0 + (3 - 2) - -3).
-4
What is the value of (-9 - (1 - 8)) + 0 + 6?
4
Calculate 1 + -1 - (0 + 4) - 0.
-4
1 - (7 + (-5 - (-8 - -3)))
-6
What is -9 - (-35 - -10) - 9?
7
Calculate (0 - (4 - -2)) + 7.
1
-1 + 1 + -88 + 90
2
Calculate 5 + (2 - 3) + 4.
8
What is -3 + (10 - 0) + -11?
-4
6 + -10 + 1 + -1
-4
4 - 9 - (2 - 0)
-7
Calculate 4 + -7 + 2 + -3.
-4
(16 - 6) + (5 - 17)
-2
What is 8 - 2 - 0 - 14 - -5?
-3
Evaluate -2 - (7 + (-4 - 1)).
-4
1 - -7 - (-26 - -28)
6
2 + -2 - (0 + -2 + 7)
-5
What is the value of 4 + 0 - (13 - 13 - -7)?
-3
-2 + (-3 - (-1 - -3) - -3)
-4
(-2 - -10) + -6 + 1
3
What is the value of -5 + -1 + (-2 - -10)?
2
Evaluate 4 + -6 - (4 + -16).
10
Calculate -9 + 11 + -1 - (0 + 2).
-1
Calculate -24 - -24 - (5 + -4 + 2).
-3
-5 + 8 + -2 + 1 + -1
1
Calculate -4 + -12 + 26 + -10.
0
What is (-6 - -7) + 3 + -4?
0
Evaluate 1 - (1 + (-4 - -2)).
2
Evaluate -13 - (-12 + -7 + 5).
1
What is 5 + -3 + -6 + 9?
5
Evaluate 0 + -1 + 4 + -7.
-4
Evaluate -2 + (-5 - -10 - 2).
1
What is the value of 7 + -5 - (-1 + 3)?
0
Evaluate -5 + 5 + -7 + 14 + -16.
-9
What is -1 + -4 + -3 + 4?
-4
(7 - 0) + 23 + -32
-2
-10 + 4 + (-1 - -12)
5
Evaluate 4 + -13 + 8 - 3.
-4
What is (-8 - (2 - 4)) + 2?
-4
Calculate 5 + 1 + -4 + 5 + -10.
-3
Evaluate 9 + (-2 - ((-7 - -1) + 14)).
-1
1 + (6 - -1 - 12)
-4
What is the value of (3 + -6 - -1 - 4) + -4?
-10
What is the value of (-2 - (-15 + 7)) + 1 + 1?
8
What is (13 - (6 - 4)) + -7 + -4?
0
Evaluate 6 + -5 - (-3 + (0 - -1)).
3
10 - (5 - -1) - 1
3
Calculate 1 + -6 - (0 + (1 - 2)).
-4
What is (6 + -13 - -4) + 7?
4
What is -13 - 4 - (-1 + -6) - -4?
-6
What is the value of (-3 - (0 + 3)) + 10?
4
5 + -2 + 1 + (4 - 0)
8
Evaluate -3 + -6 + -2 + 8.
-3
What is 15 + -12 + (1 + -10 - -4)?
-2
3 + (-3 - -4) + -3
1
What is (-10 + 1 - -2) + 3?
-4
Evaluate (3 - 4) + (0 - 2).
-3
Calculate -4 + 8 + -5 - -1 - -5.
5
What is 5 + -2 + (-2 - 3)?
-2
What is -15 - -11 - (-1 + -2 - 4)?
3
Calculate (1 - 8) + (1 - -4).
-2
What is (14 - 1) + -14 + (-1 - -7)?
5
What is 4 + 4 + -9 - 2?
-3
0 + 1 - (5 + -12 - -3)
5
What is -2 - -8 - (-3 + 5 + -1)?
5
What is the value of -10 - -9 - (2 + -7 + 0)?
4
What is the value of 4 - (2 - 1 - (2 + -5))?
0
What is the value of -1 - (-12 + 6 + -1)?
6
What is the value of 2 - ((6 - 10) + 2 - -3)?
1
Calculate 2 + 7 + 1 + (-2 - 1).
7
What is (-9 - (-4 - 7)) + -2?
0
Calculate (-9 + 2 - -7) + 1 + -6.
-5
What is 4 + -1 - (-2 + 11) - -2?
-4
Calculate 2 - (-2 + (-4 - -5)).
3
Calculate 3 - (13 - 12 - -1).
1
Evaluate -3 - (-13 + 3 + 1).
6
What is (15 - (-2 - -14)) + -9?
-6
What is the value of 2 + -4 - (25 + -31)?
4
Calculate (-9 - -5) + 8 - (5 - 3).
2
7 + (-9 - (-4 + 1)) + 4
5
(-1 + 0 - (3 - 12)) + -19
-11
Evaluate -2 - (-4 - 0 - -2).
0
Calculate 2 - (1 - -1 - -2).
-2
What is the value of 7 + -8 + 7 - 3?
3
Calculate 13 - 2 - (1 + -7 - -10).
7
What is the value of -5 + -3 + 10 + -1?
1
Calculate (-5 - -2) + (-14 - -19).
2
4 - -1 - (2 - -10 - 5)
-2
Calculate -17 - -5 - -3 - -5.
-4
Evaluate -2 + -6 + 18 + -9.
1
Evaluate -5 - (-2 - (-2 + 8 + -2)).
1
Evaluate -2 + (-2 - 0) + 7.
3
What is the value of 1 - (-1 + 0) - 4?
-2
Evaluate 1 + (1 - -1 - (5 + -3)).
1
What is the value of 0 + -5 + 6 + (-2 - 0)?
-1
What is the value of -1 + (2 - 0) - (2 + -1)?
0
What is 10 - (6 - 0) - 11?
-7
Evaluate -9 - (-6 - (10 - 15)).
-8
What is -50 + 53 - (2 - (1 + 0))?
2
Evaluate -2 + 1 + (-12 - -9) + 2.
-2
What is (-14 - -17) + -1 + -2 + -3?
-3
4 + (8 - 2) + -14 + 11
7
Calculate 7 + 5 + 12 + -5 + -20.
-1
-2 - (9 + -18 + 7)
0
What is 10 + -7 + (6 - 13)?
-4
What is the value of 6 + -2 + -2 - (-5 - -5)?
2
What is the value of 1 + -1 + -3 - (-139 + 142)?
-6
What is the value of -4 + 5 + -3 + 0?
-2
What is (-136 - -125) + 3 + 0?
-8
Calculate 12 - (4 - 5 - -7).
6
Evaluate (-2 - -10) + (23 - 32).
-1
-4 - (-5 + 5 + (-1 - -6))
-9
Calculate 106 + -104 - (-1 + 4).
-1
-2 + 7 - (0 + -4 - -4)
5
Calculate 6 + -6 + 0 + 9.
9
What is (3 - 2) + -4 + 1 - 2?
-4
What is the value of 1 + -1 + (5 - 5) + -1?
-1
What is -3 + (-4 - -12) + -4?
1
Calculate (2 - 3) + 0 - (-13 - -7).
5
What is (2 - 5) + (-2 - -6)?
1
What is the value of -1 + -1 + 4 - 5?
-3
What is the value of (6 + -12 - -3) + 2?
-1
-8 + (9 - (2 + 6 + -1))
-6
What is the value of 2 + (-7 - (6 - -1)) - -8?
-4
Calculate -1 - (-6 + 4) - 2.
-1
What is 3 + -1 + (1 - 2 - 3)?
-2
(9 - (6 + 4)) + (7 - 2)
4
Evaluate 9 + (-6 - -5) + -4.
4
What is 3 - (0 + -4 + 8 + -3)?
2
What is the value of -15 + (4 - 4) + (7 - -1)?
-7
What is -63 + 66 - (-1 + 4) - 7?
-7
Calculate 10 + 6 + 3 + -8.
11
(-1 - -4) + -6 + 2 + 3
2
What is the value of 0 - (-3 + -1) - (-271 + 268)?
7
(-11 + 1 - 13) + 12
-11
Calculate 0 - -2 - (-6 + 4).
4
What is 1 - (9 - (5 - 0))?
-3
What is 4 + 1 + 0 + -1 + 2?
6
Calculate 2 + -1 - (-82 - 